 - 33. Let q(b) = b + 11. Let t be q(h). Let n = t + 135. List the prime factors of n.
3, 5
Let z(l) = -4*l**2 + 3*l + 10. Let q(p) = 8*p**2 - 7*p - 21. Let b(m) = -6*q(m) - 13*z(m). Let y be b(8). Let t = -141 + y. What are the prime factors of t?
3, 5
Let l(g) = 14*g**3 - 3*g**2 - 43*g + 390. Let p(w) = -5*w**3 + w**2 + 15*w - 130. Let t(k) = 4*l(k) + 11*p(k). List the prime factors of t(0).
2, 5, 13
Let w(f) = f**3 + 19*f**2 + 19*f + 25. Let g be w(-18). Suppose n - g*n = -240. What are the prime factors of n?
2, 5
What are the prime factors of 11194 - ((10/(-8))/(-1) - 2)*-4?
19, 31
Let a = 149 - 4. Suppose 2*b - 242 = 3*s, 0 = 2*s - 3*s + 5*b - 59. Let n = a + s. What are the prime factors of n?
61
Suppose 2*t + y = 7293, 21*y - 19*y = 4*t - 14582. What are the prime factors of t?
2, 1823
Suppose 9 = 3*j - 21. Suppose -6*s + a = -4*s - 1106, 5*a = -j. List the prime factors of s.
2, 3, 23
Let p(y) = -y**2 - 14*y - 14. Let b be p(-10). Suppose -o - o + 4*w = -b, -2*w = 4*o - 22. Suppose -2*j - o*j = -747. List the prime factors of j.
83
Suppose 12*z = 15*z + 2*m - 10671, 5*z - 4*m = 17741. What are the prime factors of z?
11, 17, 19
Suppose -44*f + 108309 - 201667 = -740554. What are the prime factors of f?
3, 4903
Suppose 0 = 614*g - 662*g - 735066 + 2402202. What are the prime factors of g?
2, 19, 457
Suppose -371 = 2*r + 2*x + 79, 3*r + 5*x = -677. Let w = r - -566. What are the prime factors of w?
2, 3, 19
Let l = 1910 + -117. Suppose 0 = i - 4*u - l, 10*i = 5*i + u + 8984. List the prime factors of i.
3, 599
What are the prime factors of (-320439)/(-63) + 35/21?
2, 3, 53
Suppose 5679 = 3*o - 3*k + 2226, o - 3*k = 1153. Suppose 3*f = -7*f + o. What are the prime factors of f?
5, 23
Let q be (-5)/(1/2*-2). Let g(l) = -500*l - 14. Let i be g(-1). Suppose m - i = -q*m. List the prime factors of m.
3
Suppose 5*i - 22 = -3*v, 5*v - i = -5*i + 41. Let y be (13/4)/(v/252). Suppose y = c + 5*m, -5*c - 4*m = -6*m - 482. List the prime factors of c.
2, 3
Let j(k) = -2*k**3 + 23*k**2 - 137*k - 101. What are the prime factors of j(-15)?
13879
Let s = 1107 - 1065. Suppose -78 = -j + 5. Let o = j + s. List the prime factors of o.
5
Suppose -c - 10 = -5*f + c, -3*f - 15 = 3*c. Suppose f = 2*a + 4*a - 192. What are the prime factors of a?
2
Let y = 26634 - 12019. List the prime factors of y.
5, 37, 79
Suppose -171*h + 532*h - 1110749 = 7114636. List the prime factors of h.
3, 5, 7, 31
Suppose 2*n + 3*o = -11, -4*o - 7 = -4*n + 21. Suppose 3*s - 5*d = n + 11, d = -2. What are the prime factors of ((-3)/2 + s)*-312?
2, 3, 13
Let s(q) = q**2 - 13*q + 5. Let j be s(-20). Let p be j/(-9) + 1/(-9). Let d = p + 189. What are the prime factors of d?
5, 23
Let l be 1/(24/54*(-6)/(-3280)). Suppose 14*g = -g + l. Let j = 47 + g. What are the prime factors of j?
3, 43
Suppose -4*q + 3*q = 3*a - 6, 4*q - 11 = a. Let p be q/(-3)*-21 + -2. What are the prime factors of (-2 + 1)*-6*p + 2?
2, 29
Let x = 1471 - 232. List the prime factors of (1 + 0)*46*x/354.
7, 23
Let d(x) = 149*x**2 - 45*x - 417. What are the prime factors of d(-9)?
3, 4019
Let u(z) = 4*z**2 - 20*z + 4. Let w be u(5). Suppose -w*s - 3*p = -141, s - 57 = -s + 3*p. List the prime factors of -2 + -1 + (2 - 4) + s.
2, 7
Suppose -3*w + 25918 - 2934 = b, 4*b - 38309 = -5*w. What are the prime factors of w?
47, 163
Let c(y) = -7*y**2 - 5*y - 8. Let f(o) = 7*o**2 + 5*o + 9. Let n(v) = 3*c(v) + 4*f(v). Let s be n(8). Suppose 9*w + s = 14*w. List the prime factors of w.
2, 5
Suppose -11*p + 3*p - 32 = 0. Let y(t) = 2*t**3 + 2*t**2 + 3*t + 7. Let z be y(p). Let o = 185 + z. What are the prime factors of o?
2, 3, 7
Suppose -2*i + t + 4 = -2, 0 = -3*t. List the prime factors of ((-190)/i)/5*-33.
2, 11, 19
Suppose 4*v + 4*w = 18590 + 2046, -30964 = -6*v - 4*w. What are the prime factors of v?
2, 1291
Suppose 0 = -3003*y + 2979*y + 325032. What are the prime factors of y?
29, 467
Suppose -4*c + 20 = -4*d, c + 41 - 31 = -4*d. Suppose 682 = c*t - 304. What are the prime factors of t?
17, 29
Let h(n) be the third derivative of -11*n**6/4 + n**5/60 - n**3/6 + 20*n**2. Let p be h(-1). Suppose -3*y + 0*y = -p. List the prime factors of y.
2, 5, 11
Let n be -22*(8/(-20) + 27/30). Let r(g) = -g**2 - 10*g + 14. Let s be r(n). Suppose -610 = -2*z - s*z. List the prime factors of z.
2, 61
Suppose -11*b - 109387 = -128*b + 927584. List the prime factors of b.
8863
Suppose 20*a + 299584 = 144*a. What are the prime factors of a?
2, 151
Let r(p) = -p**3 - 5*p**2 + 4. Let a be r(-5). Suppose -a*b + 35 = b. Suppose -b*l = -484 - 419. List the prime factors of l.
3, 43
Let g(w) = -14*w - 57. Let j be g(-4). What are the prime factors of ((-71)/3 + 8/12)*j?
23
What are the prime factors of 27605/3 + 32/(-48)?
3, 3067
Suppose 0 = -b - 6*b. Suppose -2*z - c - 2*c + 135 = b, -291 = -4*z + c. Suppose z = x - 208. What are the prime factors of x?
2, 5, 7
Let l be 81/36 - (10/8 - 2). Suppose -3*d + 511 = -4*h, h - l*d - 399 = 4*h. Let y = 186 + h. What are the prime factors of y?
2, 7
Suppose -4*j = 2*d + 586, -3*j + 2*d + 292 = -5*j. Let z = 62 + j. Let y = 11 - z. What are the prime factors of y?
2, 3
Let a(y) = -3*y**3 - 48*y**2 - 392*y + 42. List the prime factors of a(-17).
7573
Let c(i) = -i**2 - 20*i + 18. Let b be c(20). Let a = b + 1126. Suppose n = -3*x - 0*x + 518, -a = -2*x - n. What are the prime factors of x?
2, 3, 29
Let o(v) be the second derivative of -11*v**8/420 - v**5/120 - 17*v**4/12 + 3*v. Let l(f) be the third derivative of o(f). What are the prime factors of l(-1)?
5, 7
Let f = 6838 + 152. List the prime factors of f.
2, 3, 5, 233
List the prime factors of (-3776)/(-1) + 1393/(-199).
3769
Let g = 8043 + -3565. List the prime factors of g.
2, 2239
Suppose 0*t - 8*t + 8 = 0. Suppose -15 = 2*u + 5*y - t, 10 = -4*u - y. What are the prime factors of 112 - 1 - (u - -6)?
107
Suppose 5*x = -4*i + 68879, 25 - 9 = -4*i. What are the prime factors of x?
3, 1531
Suppose 0*u = -u + 9. Suppose -m + u = -17. Suppose 4*s - 158 = m. List the prime factors of s.
2, 23
Suppose 0 = 2*z + 2*c - 1453 + 37, 0 = 3*z - 4*c - 2124. Suppose 4*h = 3276 - z. List the prime factors of h.
2, 3, 107
Let r(z) = -10*z**2 + z - 11. Let s be (55/(-20)*-4)/1. Let f(k) = 21*k**2 - k + 21. Let x(l) = s*r(l) + 6*f(l). List the prime factors of x(-2).
59
Suppose -3*n - a + 744 = -88, 3*n = -4*a + 844. List the prime factors of n.
2, 3, 23
Suppose 3*t = -4*u + 7802, -60*t + 2*u = -55*t - 13012. What are the prime factors of t?
2, 1301
What are the prime factors of (68 - 1)*-101*(1 - 0)*-1?
67, 101
Suppose 118*k - 4*l - 13641 = 113*k, 2*k - l = 5457. List the prime factors of k.
2729
Let z(j) be the second derivative of -25*j**3/3 + 17*j**2 - 27*j - 2. Let a = 26 + -30. What are the prime factors of z(a)?
2, 3, 13
Let v be (920/(-28))/(1/(-7)). Let j = -11 + v. What are the prime factors of j?
3, 73
Let r = -22511 + 32211. List the prime factors of r.
2, 5, 97
Suppose -2*g = 4*d - 16, 5*g = 9*g - 2*d - 52. Let b = g - 4. Let n(v) = 4*v**2 - 18*v + 27. What are the prime factors of n(b)?
139
Suppose 0 = 91*p - 96*p + 18750. What are the prime factors of p?
2, 3, 5
Suppose 0 = 46*h + 42*h - 398288. What are the prime factors of h?
2, 31, 73
Let z = -238 + 585. Let g = -177 + z. List the prime factors of g.
2, 5, 17
Suppose u - 18 = -3*y, -y = -3*u - u + 7. Let z(o) = -1 + 3*o**2 - 1 - 4*o**2 + u - 76*o**3. What are the prime factors of z(-1)?
2, 19
Suppose 4*u - 55330 = -2*b, 0 = b - 46*u + 42*u - 27653. What are the prime factors of b?
139, 199
Suppose f = -2*y + 1, 0*f + 2*f = 5*y + 38. Let l(v) = 4*v**2 - 12*v - 18. Let w be l(f). Suppose -2*g - 4 = -w. List the prime factors of g.
97
Let r = 23083 - 14819. Suppose 0*g - 2*n = -5*g + r, -3*n = 2*g - 3298. List the prime factors of g.
2, 7, 59
Let o = -5840 - -6348. What are the prime factors of o?
2, 127
Suppose -3*j = r - 551, 5*j + r - 1168 + 251 = 0. What are the prime factors of (-407)/(-3) - 1 - (-61)/j?
3, 5
Suppose 0 = q - 4*q + 60. Suppose 5*s + 2*g = 305, 3*s + 3*g - 183 = -2*g. Let f = s - q. List the prime factors of f.
41
Suppose -16*w = -3*v - 20*w - 6195, 0 = -3*v + 4*w - 6195. Let o = -1275 - v. List the prime factors of o.
2, 5, 79
Let q = -548 + 558. Suppose q*m + 968 = 3808. What are